 What is the highest common divisor of 98 and q?
14
Suppose 2*y = 5*y - 174. Let n = y + -37. What is the highest common factor of n and 21?
21
Suppose -163 + 263 = 2*z. Calculate the highest common factor of z and 50.
50
Let z be 191 - 0/(-1) - (37 - 35). Suppose -z = -30*h + 27*h. Suppose -l + 19 = 3*o, -2*o = l - 5 - 7. What is the greatest common divisor of h and o?
7
Let y be (-83979)/(-62) + (-6)/4. What is the greatest common factor of 33 and y?
33
Let t(a) = -3*a + 64. Let h be t(18). What is the greatest common divisor of h and 4?
2
Let q(y) = y**3 - 5*y**2 + y + 1. Let f be q(5). Suppose 277*b - 280*b = -54. What is the greatest common divisor of b and f?
6
Suppose -7 = 4*r - 5*l, 4*r - 17 = l - 4*l. Let w be 34*-2*r/(-8). Calculate the greatest common divisor of w and 136.
17
Let n = 60 - -60. What is the highest common factor of n and 84?
12
Suppose -4*m + 110 + 38 = 4*n, 4*n - 118 = 2*m. Let j = 90 + -42. Calculate the highest common factor of n and j.
16
Suppose 0 = 10*y - 13*y + 15. Suppose -y*v + 3 = 93. Let j = 10 - v. What is the greatest common divisor of 70 and j?
14
Suppose -2*r + 1 = -7. Suppose r*a = -1 + 9. Let s be (a - 2) + 7 + 4. Calculate the greatest common factor of s and 44.
11
Let f = -713 - -974. Calculate the greatest common factor of 18 and f.
9
Suppose 2*k - k - 32 = -4*n, 0 = -3*k. Let d be 10/(-80) + 68/(-32)*-1. What is the greatest common factor of n and d?
2
Suppose 9 = 2*a + 31. Let r be (-3 + 2)*1 - a. Suppose -5*m + 84 = 2*y - 268, m + y = 71. Calculate the greatest common factor of m and r.
10
Suppose 36*g + 1152 - 3168 = 0. Suppose 5*h + 18 = v + 6, 18 = -4*h - 2*v. Let x be (7/(-3) - 0)*h. Calculate the greatest common divisor of g and x.
7
Let m(a) be the first derivative of -a**2/2 + 12*a - 5. Let f be m(-11). What is the greatest common divisor of f and 184?
23
Suppose -12 = -i - 2*y, i - 5*y + 10 + 6 = 0. Calculate the highest common divisor of i and 164.
4
Let w = 53 + -41. Let i = w + 11. What is the highest common factor of i and 46?
23
Let w be -12*(12/(-90))/(1/5). Suppose 2*f - w = 0, -5*n + 52 = -n + 5*f. What is the greatest common factor of n and 136?
8
Suppose -q - 1264 = -4*r + 2385, -q + 2735 = 3*r. What is the greatest common divisor of r and 24?
24
Suppose 188 = 2*d - 736. Calculate the highest common divisor of d and 33.
33
Let v be 30/40*1*12. Let r(i) be the third derivative of i**4/24 + 7*i**3/6 + i**2. Let x be r(v). Calculate the highest common factor of 32 and x.
16
Let s be (-9980)/(-26) + (-6 - 640/(-104)). What is the highest common factor of 3 and s?
3
Let b = 38 - 43. Let x be (-2)/4 + (-31)/(-2) + b. Suppose -56 = 2*z - 156. What is the highest common factor of z and x?
10
Let m(a) = -13*a**2 + 1 + 4*a**2 - 6*a**3 + 5 + 5*a**3. Let y be m(-9). Let j be y*((-16)/6 - -3). Calculate the highest common factor of j and 18.
2
Suppose 5*p - 95 = -5*n, 0*p + 3*p - 61 = n. What is the greatest common divisor of p and 15?
5
Suppose p = 3*n - 53, 4*n + 0*p = -2*p + 64. Let l(x) = 226*x - 994. Let a be l(5). What is the greatest common divisor of a and n?
17
Let c = 112 - 110. Suppose -c*k - 3*i = -7 - 35, 5*i - 20 = 0. What is the highest common factor of k and 3?
3
Suppose -g + 365 + 7 = 0. Let x be ((-25)/(-15) + -1)*g. What is the greatest common factor of x and 31?
31
Suppose -x = 3*x - 340. Suppose 51*a - 13 = 47*a + o, -5*o + 35 = 0. What is the greatest common divisor of a and x?
5
Let g be (-1080)/(-75) - 1*4/10. Calculate the highest common divisor of 7 and g.
7
Suppose 745 = 29*r - 1343. What is the highest common divisor of 180 and r?
36
Suppose -5*y - 12 = -3*y. Let p be ((-4)/y)/((-6)/(-81)). Suppose -13*r - 252 = -17*r. Calculate the greatest common divisor of p and r.
9
Suppose b + 2*b - 17 = 4*q, -5*q - 26 = b. Let s be b/(-4)*4*4. Calculate the greatest common divisor of 28 and s.
4
Let c(h) = -13*h + 13. Let n be c(-19). What is the highest common divisor of n and 52?
52
Suppose -2*g = g - 288. Suppose 0 = 3*l - 0*h + h, -16 = -l + 5*h. Let p be ((-320)/(-15))/(l/3). What is the highest common divisor of g and p?
32
Let u = 29 - 31. Let z be (-1)/(u/(0 + 4)). Suppose 0 = -4*c - 5*y + 36, 3*y = z*c + y. Calculate the greatest common factor of c and 16.
4
Let v be -39*(4 + -15)*1. What is the greatest common divisor of v and 39?
39
Let i(z) = -6*z + 4. Let l be i(-4). Let f = 227 + -31. What is the greatest common divisor of l and f?
28
Suppose 1 = -p, 0 = -o + 8*p - 3*p + 9. What is the greatest common divisor of 312 and o?
4
Let h be 12/(-9)*3/(-2). Let s be h/(-7) - 149/(-7). Suppose 5*a + 5*w - 760 = 0, -3*w = 5*a - a - 603. What is the greatest common factor of a and s?
21
Let k(f) = -4*f**2 + f - 1. Let m be k(3). Let u = 49 + m. What is the greatest common divisor of 135 and u?
15
Let d(f) = 2*f - 3. Let y be d(39). Let x(o) = 26*o**2 - 1. Let j be x(1). What is the highest common factor of y and j?
25
Let s = 198 - 176. Calculate the highest common factor of s and 187.
11
Suppose -25*l = -17*l - 704. Calculate the greatest common factor of l and 33.
11
Let l(o) = o**3 + 8*o**2 + 8*o + 2. Let t be l(-6). Suppose 5*i + 34 = h, h + 0*h - t = i. What is the highest common factor of h and 24?
24
Let m(o) = o**3 - 3*o**2 + 4*o - 1. Let i be m(3). Let r = -8 + 33. Let h = 47 - r. What is the highest common factor of i and h?
11
Let t = 6 + 23. Suppose -313 - 151 = -8*b. Calculate the highest common divisor of b and t.
29
Suppose -2 = 2*w - 24. Let t be 4 + -1 - (-46 + 30/6). What is the greatest common factor of w and t?
11
Let t = 262 + -242. Let r = -113 + 163. What is the greatest common factor of t and r?
10
Let t be (85668/(-15))/(-4) - 14/(-70). Calculate the greatest common divisor of t and 24.
12
Let i be (4 - 2 - 3)/((-2)/10). Suppose -80 + i = -5*h. Let j(b) = 7*b + 1. Let c be j(2). What is the greatest common factor of h and c?
15
Let k(q) = 2*q + 4. Let j be k(5). Let o = 280 + 285. Suppose 2*y - 221 = 3*l, -5*l + o = 6*y - y. What is the greatest common divisor of j and y?
14
Let g(s) = 3*s - 12. Let i be g(6). Suppose -2*a = -10, -i*a - 59 = -n - a. Calculate the highest common divisor of n and 210.
42
Let p(k) = 63*k**2 + 2*k - 2. Let m be p(-2). Suppose m + 119 = -f. Let q = f - -608. Calculate the greatest common divisor of q and 27.
27
Let j be (-1)/(((-1)/(-6))/1). Let t = j + 11. Suppose -y - 6*q + q = -59, -5*q = t. What is the greatest common divisor of y and 8?
8
Suppose -2*c - c - j = -591, 3*c + 5*j = 603. Let y(s) = -23*s - 43. Let g be y(-4). What is the highest common divisor of g and c?
49
Let k be ((-4)/(-1 - -2))/((-1)/2). Suppose -k*w = 3*w - 385. Calculate the greatest common factor of 280 and w.
35
Suppose 0 = 9*i - 88 + 7. Calculate the highest common factor of i and 9.
9
Let i = -253 + 261. Let d = 155 + 18. Let t = d - 101. Calculate the highest common divisor of t and i.
8
Let h(s) = -5*s**2 + s + 6. Let o(x) = 11*x**2 - x - 11. Let m(p) = 11*h(p) + 6*o(p). Let u be m(2). What is the highest common factor of u and 12?
6
Suppose 0 = -0*g - g + 3*d - 276, -4*d = 8. Let n be g/(-18) + 1/3. Suppose 5*r = z - 8, 5*z + 2*r - n = 3*z. What is the greatest common factor of z and 88?
8
Let j be 12/(-8) + -3 + 3316/8. Calculate the greatest common factor of 164 and j.
82
Let z = 130 + -84. Suppose u = 6*o - o - z, 4*u - 16 = 0. Calculate the greatest common divisor of 20 and o.
10
Let b(o) = 28*o**2 + o + 1. Let l be b(-1). Let i be (1 - 2/8)*l. Let x = 5 - -2. What is the highest common divisor of x and i?
7
Let o(x) = -2*x**2 - 2*x - 1. Let n be o(-2). Let q(w) = 2*w**2 + 9*w + 11. Let y be q(n). What is the highest common divisor of y and 40?
8
Let z(l) = 13*l + 5. Let a(d) = -19*d - 7. Let b(f) = -5*a(f) - 7*z(f). Let q be b(4). Let m = -15509 + 15621. Calculate the highest common factor of m and q.
16
Let g = 21 + -16. Suppose 3*o = 5*x - 22 - 39, -g*x = 4*o - 82. Calculate the highest common factor of x and 140.
14
Let d be (2/3)/((-2)/(-33)). Let l = 7 - 5. Suppose -12 = 3*t, 2*t + l*t = 5*b - 511. What is the greatest common divisor of d and b?
11
Let r = 144 + -40. What is the greatest common divisor of r and 32?
8
Suppose 0 = -72*m + 70*m - 5*v + 84, 4*m + v = 204. What is the greatest common factor of 16 and m?
4
Let